{"id":840,"date":"2024-05-05T18:11:05","date_gmt":"2024-05-05T18:11:05","guid":{"rendered":"http:\/\/visions-cup.de\/?page_id=840"},"modified":"2024-05-05T19:05:26","modified_gmt":"2024-05-05T19:05:26","slug":"ergebnisse-4-victor-visions-cup","status":"publish","type":"page","link":"http:\/\/visions-cup.de\/?page_id=840","title":{"rendered":"Ergebnisse 4. Victor Visions-Cup"},"content":{"rendered":"<h3>Tag 1 &#8211; Damen- und Herrendoppel<\/h3>\n<p><a href=\"http:\/\/visions-cup.de\/wp-content\/uploads\/2024\/05\/2024_Grupppenfoto_Sa-scaled.jpg\" rel=\"lightbox[840]\"><img loading=\"lazy\" decoding=\"async\" class=\"alignleft wp-image-614 size-full\" src=\"http:\/\/visions-cup.de\/wp-content\/uploads\/2024\/05\/2024_Grupppenfoto_Sa-scaled.jpg\" alt=\"\" width=\"2547\" height=\"998\" \/><\/a><\/p>\n<hr \/>\n<table>\n<tbody>\n<tr>\n<td colspan=\"2\">\n<h4>Damendoppel &#8211; C-Feld<\/h4>\n<p><a href=\"http:\/\/visions-cup.de\/wp-content\/uploads\/2024\/05\/2024_DD-C.jpg\" rel=\"lightbox[840]\"><img loading=\"lazy\" decoding=\"async\" class=\"alignleft wp-image-865 size-medium\" src=\"http:\/\/visions-cup.de\/wp-content\/uploads\/2024\/05\/2024_DD-C-300x183.jpg\" alt=\"\" width=\"300\" height=\"183\" srcset=\"http:\/\/visions-cup.de\/wp-content\/uploads\/2024\/05\/2024_DD-C-300x183.jpg 300w, http:\/\/visions-cup.de\/wp-content\/uploads\/2024\/05\/2024_DD-C-768x469.jpg 768w, http:\/\/visions-cup.de\/wp-content\/uploads\/2024\/05\/2024_DD-C.jpg 800w\" sizes=\"auto, (max-width: 300px) 100vw, 300px\" \/><\/a><\/td>\n<\/tr>\n<tr>\n<td><strong>1. Platz:<\/strong><\/td>\n<td>Nadja Mester (TG Herford) \/ Janine Kettler\u00a0(TG Herford)<\/td>\n<\/tr>\n<tr>\n<td><strong>2. Platz:<\/strong><\/td>\n<td>Josefine Berg (TuS Tengern) \/ Lena Lindkamp (1. SC Bad Oeynhausen)<\/td>\n<\/tr>\n<tr>\n<td><strong>3. Platz:<\/strong><\/td>\n<td>Klara Fiege (SC M\u00fcnster 08) \/ Hannah Renkert (SC M\u00fcnster 08)<\/td>\n<\/tr>\n<\/tbody>\n<\/table>\n<hr \/>\n<table>\n<tbody>\n<tr>\n<td colspan=\"2\">\n<h4>Damendoppel &#8211; B-Feld<\/h4>\n<p><a href=\"http:\/\/visions-cup.de\/wp-content\/uploads\/2024\/05\/2024_DD-B.jpg\" rel=\"lightbox[840]\"><img loading=\"lazy\" decoding=\"async\" class=\"alignleft wp-image-866 size-medium\" src=\"http:\/\/visions-cup.de\/wp-content\/uploads\/2024\/05\/2024_DD-B-300x188.jpg\" alt=\"\" width=\"300\" height=\"188\" srcset=\"http:\/\/visions-cup.de\/wp-content\/uploads\/2024\/05\/2024_DD-B-300x188.jpg 300w, http:\/\/visions-cup.de\/wp-content\/uploads\/2024\/05\/2024_DD-B-768x481.jpg 768w, http:\/\/visions-cup.de\/wp-content\/uploads\/2024\/05\/2024_DD-B.jpg 800w\" sizes=\"auto, (max-width: 300px) 100vw, 300px\" \/><\/a><\/td>\n<\/tr>\n<tr>\n<td><strong>1. Platz:<\/strong><\/td>\n<td>Katharina Hillen (Rot Weiss Sutthausen) \/ Lisa Radecker (Rot Weiss Sutthausen)<\/td>\n<\/tr>\n<tr>\n<td><strong>2. Platz:<\/strong><\/td>\n<td>Emma Brune (BTW B\u00fcnde) \/ Kim-Svenja Brune (SG Volmsen-B\u00fcnde)<\/td>\n<\/tr>\n<tr>\n<td><strong>3. Platz:<\/strong><\/td>\n<td>Anja Felsch (TSVE Bielefeld) \/ Michelle Starke (TSVE Bielefeld)<\/td>\n<\/tr>\n<\/tbody>\n<\/table>\n<hr \/>\n<table>\n<tbody>\n<tr>\n<td colspan=\"2\">\n<h4>Herrendoppel &#8211; C-Feld<\/h4>\n<p><a href=\"http:\/\/visions-cup.de\/wp-content\/uploads\/2024\/05\/2024_HD-C.jpg\" rel=\"lightbox[840]\"><img loading=\"lazy\" decoding=\"async\" class=\"alignleft wp-image-867 size-medium\" src=\"http:\/\/visions-cup.de\/wp-content\/uploads\/2024\/05\/2024_HD-C-300x198.jpg\" alt=\"\" width=\"300\" height=\"198\" srcset=\"http:\/\/visions-cup.de\/wp-content\/uploads\/2024\/05\/2024_HD-C-300x198.jpg 300w, http:\/\/visions-cup.de\/wp-content\/uploads\/2024\/05\/2024_HD-C-768x507.jpg 768w, http:\/\/visions-cup.de\/wp-content\/uploads\/2024\/05\/2024_HD-C.jpg 800w\" sizes=\"auto, (max-width: 300px) 100vw, 300px\" \/><\/a><\/td>\n<\/tr>\n<tr>\n<td><strong>1. Platz:<\/strong><\/td>\n<td>Kai L\u00fcnnemann (FC Vorw\u00e4rts Georgsmarienh\u00fctte) \/ Lars Schraer (TuS Eintracht Rulle)<\/td>\n<\/tr>\n<tr>\n<td><strong>2. Platz:<\/strong><\/td>\n<td>Uwe Harhausen (SV 1860 Minden) \/ Ralf Zielinski (SV 1860 Minden<\/td>\n<\/tr>\n<tr>\n<td><strong>3. Platz:<\/strong><\/td>\n<td>Andreas Erhard (SV Butteramt e.V.) \/ Henning Sch\u00e4fer (SV Butteramt e.V.)<\/td>\n<\/tr>\n<\/tbody>\n<\/table>\n<hr \/>\n<table>\n<tbody>\n<tr>\n<td colspan=\"2\">\n<h4>Herrendoppel &#8211; B-Feld<\/h4>\n<p><a href=\"http:\/\/visions-cup.de\/wp-content\/uploads\/2024\/05\/2024_HD-B.jpg\" rel=\"lightbox[840]\"><img loading=\"lazy\" decoding=\"async\" class=\"alignleft wp-image-870 size-medium\" src=\"http:\/\/visions-cup.de\/wp-content\/uploads\/2024\/05\/2024_HD-B-300x180.jpg\" alt=\"\" width=\"300\" height=\"180\" srcset=\"http:\/\/visions-cup.de\/wp-content\/uploads\/2024\/05\/2024_HD-B-300x180.jpg 300w, http:\/\/visions-cup.de\/wp-content\/uploads\/2024\/05\/2024_HD-B-768x461.jpg 768w, http:\/\/visions-cup.de\/wp-content\/uploads\/2024\/05\/2024_HD-B.jpg 800w\" sizes=\"auto, (max-width: 300px) 100vw, 300px\" \/><\/a><\/td>\n<\/tr>\n<tr>\n<td><strong>1. Platz:<\/strong><\/td>\n<td>Kah Sin Fong (TV 1875 Paderborn) \/ Tim Stallmeister (TV 1875 Paderborn)<\/td>\n<\/tr>\n<tr>\n<td><strong>2. Platz:<\/strong><\/td>\n<td>Matija Feric (TuS Tengern) \/ Jannik Rochow (TuS Tengern)<\/td>\n<\/tr>\n<tr>\n<td><strong>3. Platz:<\/strong><\/td>\n<td>Mike B\u00e4nsch (TG Herford) \/ Luca Jasinski (TG Herford)<\/td>\n<\/tr>\n<\/tbody>\n<\/table>\n<hr \/>\n<table>\n<tbody>\n<tr>\n<td colspan=\"2\">\n<h4>Herrendoppel &#8211; A-Feld<\/h4>\n<p><a href=\"http:\/\/visions-cup.de\/wp-content\/uploads\/2024\/05\/2024_HD-A.jpg\" rel=\"lightbox[840]\"><img loading=\"lazy\" decoding=\"async\" class=\"alignleft wp-image-871 size-medium\" src=\"http:\/\/visions-cup.de\/wp-content\/uploads\/2024\/05\/2024_HD-A-300x190.jpg\" alt=\"\" width=\"300\" height=\"190\" srcset=\"http:\/\/visions-cup.de\/wp-content\/uploads\/2024\/05\/2024_HD-A-300x190.jpg 300w, http:\/\/visions-cup.de\/wp-content\/uploads\/2024\/05\/2024_HD-A-768x487.jpg 768w, http:\/\/visions-cup.de\/wp-content\/uploads\/2024\/05\/2024_HD-A.jpg 800w\" sizes=\"auto, (max-width: 300px) 100vw, 300px\" \/><\/a><\/td>\n<\/tr>\n<tr>\n<td><strong>1. Platz:<\/strong><\/td>\n<td>Takashi Nikawadori (TSV Meerbusch) \/ Christoph Tietz (TSV Meerbusch)<\/td>\n<\/tr>\n<tr>\n<td><strong>2. Platz:<\/strong><\/td>\n<td>Niklas Lenger (1. BC Vlotho) \/ Viktor Wei\u00df (&#8222;vereinslos&#8220;)<\/td>\n<\/tr>\n<tr>\n<td><strong>3. Platz:<\/strong><\/td>\n<td>Dominic Becker (MTV Nordstemmen) \/ Daniel Ivan (TV Bremen Walle 1875)<\/td>\n<\/tr>\n<\/tbody>\n<\/table>\n<hr \/>\n<hr \/>\n<h3>Tag 2 &#8211; Mixed<\/h3>\n<p><a href=\"http:\/\/visions-cup.de\/wp-content\/uploads\/2024\/05\/2024_Gruppenfoto-So.jpg\" rel=\"lightbox[840]\"><img loading=\"lazy\" decoding=\"async\" class=\"alignleft wp-image-853 size-full\" src=\"http:\/\/visions-cup.de\/wp-content\/uploads\/2024\/05\/2024_Gruppenfoto-So.jpg\" alt=\"\" width=\"1876\" height=\"542\" srcset=\"http:\/\/visions-cup.de\/wp-content\/uploads\/2024\/05\/2024_Gruppenfoto-So.jpg 1876w, http:\/\/visions-cup.de\/wp-content\/uploads\/2024\/05\/2024_Gruppenfoto-So-300x87.jpg 300w, http:\/\/visions-cup.de\/wp-content\/uploads\/2024\/05\/2024_Gruppenfoto-So-1024x296.jpg 1024w, http:\/\/visions-cup.de\/wp-content\/uploads\/2024\/05\/2024_Gruppenfoto-So-768x222.jpg 768w, http:\/\/visions-cup.de\/wp-content\/uploads\/2024\/05\/2024_Gruppenfoto-So-1536x444.jpg 1536w\" sizes=\"auto, (max-width: 1876px) 100vw, 1876px\" \/><\/a><\/p>\n<table>\n<tbody>\n<tr>\n<td colspan=\"2\">\n<h4>Mixed &#8211; C-Feld<\/h4>\n<p><a href=\"http:\/\/visions-cup.de\/wp-content\/uploads\/2024\/05\/2024_MX-C.jpg\" rel=\"lightbox[840]\"><img loading=\"lazy\" decoding=\"async\" class=\"alignleft wp-image-869 size-medium\" src=\"http:\/\/visions-cup.de\/wp-content\/uploads\/2024\/05\/2024_MX-C-300x188.jpg\" alt=\"\" width=\"300\" height=\"188\" srcset=\"http:\/\/visions-cup.de\/wp-content\/uploads\/2024\/05\/2024_MX-C-300x188.jpg 300w, http:\/\/visions-cup.de\/wp-content\/uploads\/2024\/05\/2024_MX-C-768x481.jpg 768w, http:\/\/visions-cup.de\/wp-content\/uploads\/2024\/05\/2024_MX-C.jpg 800w\" sizes=\"auto, (max-width: 300px) 100vw, 300px\" \/><\/a><\/td>\n<\/tr>\n<tr>\n<td><strong>1. Platz:<\/strong><\/td>\n<td>Henrik Terholsen (BSV Einheit Greifswald) \/ Janine Kettler (TG Herford)<\/td>\n<\/tr>\n<tr>\n<td><strong>2. Platz:<\/strong><\/td>\n<td>Christian Hain (SV 1860 Minden) \/ Tanja Wickenkamp (SV 1860 Minden)<\/td>\n<\/tr>\n<tr>\n<td><strong>3. Platz:<\/strong><\/td>\n<td>Ralf Zielinski (SV 1860 Minden) \/ Carina Wehrmann (SV 1860 Minden)<\/td>\n<\/tr>\n<\/tbody>\n<\/table>\n<hr \/>\n<table>\n<tbody>\n<tr>\n<td colspan=\"2\">\n<h4>Mixed &#8211; B-Feld<\/h4>\n<p><a href=\"http:\/\/visions-cup.de\/wp-content\/uploads\/2024\/05\/2024_MX-B.jpg\" rel=\"lightbox[840]\"><img loading=\"lazy\" decoding=\"async\" class=\"alignleft wp-image-868 size-medium\" src=\"http:\/\/visions-cup.de\/wp-content\/uploads\/2024\/05\/2024_MX-B-300x179.jpg\" alt=\"\" width=\"300\" height=\"179\" srcset=\"http:\/\/visions-cup.de\/wp-content\/uploads\/2024\/05\/2024_MX-B-300x179.jpg 300w, http:\/\/visions-cup.de\/wp-content\/uploads\/2024\/05\/2024_MX-B-768x458.jpg 768w, http:\/\/visions-cup.de\/wp-content\/uploads\/2024\/05\/2024_MX-B.jpg 800w\" sizes=\"auto, (max-width: 300px) 100vw, 300px\" \/><\/a><\/td>\n<\/tr>\n<tr>\n<td><strong>1. Platz:<\/strong><\/td>\n<td>Ren\u00e9 Gro\u00df (SG Volmsen- B\u00fcnde) \/ Kim Svenja Brune (SG Volmsen- B\u00fcnde)<\/td>\n<\/tr>\n<tr>\n<td><strong>2. Platz:<\/strong><\/td>\n<td>Christian Felsch (TSVE Bielefeld) \/ Anja Felsch (TSVE Bielefeld)<\/td>\n<\/tr>\n<tr>\n<td><strong>3. Platz:<\/strong><\/td>\n<td>Mike B\u00e4nsch (TG Herford) \/ Julia Schubert (TG Herford)<\/td>\n<\/tr>\n<\/tbody>\n<\/table>\n","protected":false},"excerpt":{"rendered":"<p>Tag 1 &#8211; Damen- und Herrendoppel Damendoppel &#8211; C-Feld 1. Platz: Nadja Mester (TG Herford) \/ Janine Kettler\u00a0(TG Herford) 2.&hellip; <a class=\"read-more\" href=\"http:\/\/visions-cup.de\/?page_id=840\">Weiterlesen<\/a><\/p>\n","protected":false},"author":1,"featured_media":0,"parent":0,"menu_order":0,"comment_status":"closed","ping_status":"closed","template":"","meta":{"footnotes":""},"class_list":["post-840","page","type-page","status-publish","hentry"],"_links":{"self":[{"href":"http:\/\/visions-cup.de\/index.php?rest_route=\/wp\/v2\/pages\/840","targetHints":{"allow":["GET"]}}],"collection":[{"href":"http:\/\/visions-cup.de\/index.php?rest_route=\/wp\/v2\/pages"}],"about":[{"href":"http:\/\/visions-cup.de\/index.php?rest_route=\/wp\/v2\/types\/page"}],"author":[{"embeddable":true,"href":"http:\/\/visions-cup.de\/index.php?rest_route=\/wp\/v2\/users\/1"}],"replies":[{"embeddable":true,"href":"http:\/\/visions-cup.de\/index.php?rest_route=%2Fwp%2Fv2%2Fcomments&post=840"}],"version-history":[{"count":16,"href":"http:\/\/visions-cup.de\/index.php?rest_route=\/wp\/v2\/pages\/840\/revisions"}],"predecessor-version":[{"id":892,"href":"http:\/\/visions-cup.de\/index.php?rest_route=\/wp\/v2\/pages\/840\/revisions\/892"}],"wp:attachment":[{"href":"http:\/\/visions-cup.de\/index.php?rest_route=%2Fwp%2Fv2%2Fmedia&parent=840"}],"curies":[{"name":"wp","href":"https:\/\/api.w.org\/{rel}","templated":true}]}}

<h3>Tag 1 &#8211; Damen- und Herrendoppel</h3>
<p><a href="http://visions-cup.de/wp-content/uploads/2024/05/2024_Grupppenfoto_Sa-scaled.jpg" rel="lightbox[840]"><img loading="lazy" decoding="async" class="alignleft wp-image-614 size-full" src="http://visions-cup.de/wp-content/uploads/2024/05/2024_Grupppenfoto_Sa-scaled.jpg" alt="" width="2547" height="998" /></a></p>
<hr />
<table>
<tbody>
<tr>
<td colspan="2">
<h4>Damendoppel &#8211; C-Feld</h4>
<p><a href="http://visions-cup.de/wp-content/uploads/2024/05/2024_DD-C.jpg" rel="lightbox[840]"><img loading="lazy" decoding="async" class="alignleft wp-image-865 size-medium" src="http://visions-cup.de/wp-content/uploads/2024/05/2024_DD-C-300x183.jpg" alt="" width="300" height="183" srcset="http://visions-cup.de/wp-content/uploads/2024/05/2024_DD-C-300x183.jpg 300w, http://visions-cup.de/wp-content/uploads/2024/05/2024_DD-C-768x469.jpg 768w, http://visions-cup.de/wp-content/uploads/2024/05/2024_DD-C.jpg 800w" sizes="auto, (max-width: 300px) 100vw, 300px" /></a></td>
</tr>
<tr>
<td><strong>1. Platz:</strong></td>
<td>Nadja Mester (TG Herford) / Janine Kettler (TG Herford)</td>
</tr>
<tr>
<td><strong>2. Platz:</strong></td>
<td>Josefine Berg (TuS Tengern) / Lena Lindkamp (1. SC Bad Oeynhausen)</td>
</tr>
<tr>
<td><strong>3. Platz:</strong></td>
<td>Klara Fiege (SC Münster 08) / Hannah Renkert (SC Münster 08)</td>
</tr>
</tbody>
</table>
<hr />
<table>
<tbody>
<tr>
<td colspan="2">
<h4>Damendoppel &#8211; B-Feld</h4>
<p><a href="http://visions-cup.de/wp-content/uploads/2024/05/2024_DD-B.jpg" rel="lightbox[840]"><img loading="lazy" decoding="async" class="alignleft wp-image-866 size-medium" src="http://visions-cup.de/wp-content/uploads/2024/05/2024_DD-B-300x188.jpg" alt="" width="300" height="188" srcset="http://visions-cup.de/wp-content/uploads/2024/05/2024_DD-B-300x188.jpg 300w, http://visions-cup.de/wp-content/uploads/2024/05/2024_DD-B-768x481.jpg 768w, http://visions-cup.de/wp-content/uploads/2024/05/2024_DD-B.jpg 800w" sizes="auto, (max-width: 300px) 100vw, 300px" /></a></td>
</tr>
<tr>
<td><strong>1. Platz:</strong></td>
<td>Katharina Hillen (Rot Weiss Sutthausen) / Lisa Radecker (Rot Weiss Sutthausen)</td>
</tr>
<tr>
<td><strong>2. Platz:</strong></td>
<td>Emma Brune (BTW Bünde) / Kim-Svenja Brune (SG Volmsen-Bünde)</td>
</tr>
<tr>
<td><strong>3. Platz:</strong></td>
<td>Anja Felsch (TSVE Bielefeld) / Michelle Starke (TSVE Bielefeld)</td>
</tr>
</tbody>
</table>
<hr />
<table>
<tbody>
<tr>
<td colspan="2">
<h4>Herrendoppel &#8211; C-Feld</h4>
<p><a href="http://visions-cup.de/wp-content/uploads/2024/05/2024_HD-C.jpg" rel="lightbox[840]"><img loading="lazy" decoding="async" class="alignleft wp-image-867 size-medium" src="http://visions-cup.de/wp-content/uploads/2024/05/2024_HD-C-300x198.jpg" alt="" width="300" height="198" srcset="http://visions-cup.de/wp-content/uploads/2024/05/2024_HD-C-300x198.jpg 300w, http://visions-cup.de/wp-content/uploads/2024/05/2024_HD-C-768x507.jpg 768w, http://visions-cup.de/wp-content/uploads/2024/05/2024_HD-C.jpg 800w" sizes="auto, (max-width: 300px) 100vw, 300px" /></a></td>
</tr>
<tr>
<td><strong>1. Platz:</strong></td>
<td>Kai Lünnemann (FC Vorwärts Georgsmarienhütte) / Lars Schraer (TuS Eintracht Rulle)</td>
</tr>
<tr>
<td><strong>2. Platz:</strong></td>
<td>Uwe Harhausen (SV 1860 Minden) / Ralf Zielinski (SV 1860 Minden</td>
</tr>
<tr>
<td><strong>3. Platz:</strong></td>
<td>Andreas Erhard (SV Butteramt e.V.) / Henning Schäfer (SV Butteramt e.V.)</td>
</tr>
</tbody>
</table>
<hr />
<table>
<tbody>
<tr>
<td colspan="2">
<h4>Herrendoppel &#8211; B-Feld</h4>
<p><a href="http://visions-cup.de/wp-content/uploads/2024/05/2024_HD-B.jpg" rel="lightbox[840]"><img loading="lazy" decoding="async" class="alignleft wp-image-870 size-medium" src="http://visions-cup.de/wp-content/uploads/2024/05/2024_HD-B-300x180.jpg" alt="" width="300" height="180" srcset="http://visions-cup.de/wp-content/uploads/2024/05/2024_HD-B-300x180.jpg 300w, http://visions-cup.de/wp-content/uploads/2024/05/2024_HD-B-768x461.jpg 768w, http://visions-cup.de/wp-content/uploads/2024/05/2024_HD-B.jpg 800w" sizes="auto, (max-width: 300px) 100vw, 300px" /></a></td>
</tr>
<tr>
<td><strong>1. Platz:</strong></td>
<td>Kah Sin Fong (TV 1875 Paderborn) / Tim Stallmeister (TV 1875 Paderborn)</td>
</tr>
<tr>
<td><strong>2. Platz:</strong></td>
<td>Matija Feric (TuS Tengern) / Jannik Rochow (TuS Tengern)</td>
</tr>
<tr>
<td><strong>3. Platz:</strong></td>
<td>Mike Bänsch (TG Herford) / Luca Jasinski (TG Herford)</td>
</tr>
</tbody>
</table>
<hr />
<table>
<tbody>
<tr>
<td colspan="2">
<h4>Herrendoppel &#8211; A-Feld</h4>
<p><a href="http://visions-cup.de/wp-content/uploads/2024/05/2024_HD-A.jpg" rel="lightbox[840]"><img loading="lazy" decoding="async" class="alignleft wp-image-871 size-medium" src="http://visions-cup.de/wp-content/uploads/2024/05/2024_HD-A-300x190.jpg" alt="" width="300" height="190" srcset="http://visions-cup.de/wp-content/uploads/2024/05/2024_HD-A-300x190.jpg 300w, http://visions-cup.de/wp-content/uploads/2024/05/2024_HD-A-768x487.jpg 768w, http://visions-cup.de/wp-content/uploads/2024/05/2024_HD-A.jpg 800w" sizes="auto, (max-width: 300px) 100vw, 300px" /></a></td>
</tr>
<tr>
<td><strong>1. Platz:</strong></td>
<td>Takashi Nikawadori (TSV Meerbusch) / Christoph Tietz (TSV Meerbusch)</td>
</tr>
<tr>
<td><strong>2. Platz:</strong></td>
<td>Niklas Lenger (1. BC Vlotho) / Viktor Weiß (&#8222;vereinslos&#8220;)</td>
</tr>
<tr>
<td><strong>3. Platz:</strong></td>
<td>Dominic Becker (MTV Nordstemmen) / Daniel Ivan (TV Bremen Walle 1875)</td>
</tr>
</tbody>
</table>
<hr />
<hr />
<h3>Tag 2 &#8211; Mixed</h3>
<p><a href="http://visions-cup.de/wp-content/uploads/2024/05/2024_Gruppenfoto-So.jpg" rel="lightbox[840]"><img loading="lazy" decoding="async" class="alignleft wp-image-853 size-full" src="http://visions-cup.de/wp-content/uploads/2024/05/2024_Gruppenfoto-So.jpg" alt="" width="1876" height="542" srcset="http://visions-cup.de/wp-content/uploads/2024/05/2024_Gruppenfoto-So.jpg 1876w, http://visions-cup.de/wp-content/uploads/2024/05/2024_Gruppenfoto-So-300x87.jpg 300w, http://visions-cup.de/wp-content/uploads/2024/05/2024_Gruppenfoto-So-1024x296.jpg 1024w, http://visions-cup.de/wp-content/uploads/2024/05/2024_Gruppenfoto-So-768x222.jpg 768w, http://visions-cup.de/wp-content/uploads/2024/05/2024_Gruppenfoto-So-1536x444.jpg 1536w" sizes="auto, (max-width: 1876px) 100vw, 1876px" /></a></p>
<table>
<tbody>
<tr>
<td colspan="2">
<h4>Mixed &#8211; C-Feld</h4>
<p><a href="http://visions-cup.de/wp-content/uploads/2024/05/2024_MX-C.jpg" rel="lightbox[840]"><img loading="lazy" decoding="async" class="alignleft wp-image-869 size-medium" src="http://visions-cup.de/wp-content/uploads/2024/05/2024_MX-C-300x188.jpg" alt="" width="300" height="188" srcset="http://visions-cup.de/wp-content/uploads/2024/05/2024_MX-C-300x188.jpg 300w, http://visions-cup.de/wp-content/uploads/2024/05/2024_MX-C-768x481.jpg 768w, http://visions-cup.de/wp-content/uploads/2024/05/2024_MX-C.jpg 800w" sizes="auto, (max-width: 300px) 100vw, 300px" /></a></td>
</tr>
<tr>
<td><strong>1. Platz:</strong></td>
<td>Henrik Terholsen (BSV Einheit Greifswald) / Janine Kettler (TG Herford)</td>
</tr>
<tr>
<td><strong>2. Platz:</strong></td>
<td>Christian Hain (SV 1860 Minden) / Tanja Wickenkamp (SV 1860 Minden)</td>
</tr>
<tr>
<td><strong>3. Platz:</strong></td>
<td>Ralf Zielinski (SV 1860 Minden) / Carina Wehrmann (SV 1860 Minden)</td>
</tr>
</tbody>
</table>
<hr />
<table>
<tbody>
<tr>
<td colspan="2">
<h4>Mixed &#8211; B-Feld</h4>
<p><a href="http://visions-cup.de/wp-content/uploads/2024/05/2024_MX-B.jpg" rel="lightbox[840]"><img loading="lazy" decoding="async" class="alignleft wp-image-868 size-medium" src="http://visions-cup.de/wp-content/uploads/2024/05/2024_MX-B-300x179.jpg" alt="" width="300" height="179" srcset="http://visions-cup.de/wp-content/uploads/2024/05/2024_MX-B-300x179.jpg 300w, http://visions-cup.de/wp-content/uploads/2024/05/2024_MX-B-768x458.jpg 768w, http://visions-cup.de/wp-content/uploads/2024/05/2024_MX-B.jpg 800w" sizes="auto, (max-width: 300px) 100vw, 300px" /></a></td>
</tr>
<tr>
<td><strong>1. Platz:</strong></td>
<td>René Groß (SG Volmsen- Bünde) / Kim Svenja Brune (SG Volmsen- Bünde)</td>
</tr>
<tr>
<td><strong>2. Platz:</strong></td>
<td>Christian Felsch (TSVE Bielefeld) / Anja Felsch (TSVE Bielefeld)</td>
</tr>
<tr>
<td><strong>3. Platz:</strong></td>
<td>Mike Bänsch (TG Herford) / Julia Schubert (TG Herford)</td>
</tr>
</tbody>
</table>
